ermine a(81).
-2311
Let x(l) = -57002*l - 8493299. Calculate x(-149).
-1
Let i(c) = -78*c**2 + 416*c + 8. Determine i(11).
-4854
Let a(t) = -5*t**3 - 869*t**2 + 16219*t + 1. Calculate a(17).
18
Let d(v) = -2*v**2 + 347*v - 3087. Give d(165).
-282
Let w(p) = 5830*p - 110656. Calculate w(19).
114
Let y(k) = -k**3 + 218*k**2 + 2047*k + 54. Give y(-9).
18
Let q(y) = -y**3 - 65*y**2 - 99*y + 569. Determine q(-63).
-1132
Let l(o) = 31*o**2 - 12*o + 31. Determine l(2).
131
Let d(m) = -2084*m - 92. Determine d(0).
-92
Let m(b) = 7744*b - 913760. Determine m(118).
32
Let f(g) = -373*g + 38884. Calculate f(111).
-2519
Let r(m) = 3*m**3 + 179*m**2 - 243*m - 101. What is r(-61)?
-162
Let w(j) = -65*j**2 - 24*j + 15. Calculate w(2).
-293
Let d(n) = 4*n**2 + 278*n + 4846. Calculate d(-29).
148
Let q(z) = -2*z**3 - 186*z**2 - 283*z + 176. Give q(-2).
14
Let v(g) = 7*g**2 + 13737*g + 811916. What is v(-61)?
6
Let d(j) = 17*j**3 + 54*j**2 - 645*j - 6. Calculate d(-8).
-94
Let j(h) = -64408*h - 644079. Give j(-10).
1
Let j(z) = 170*z**3 + 18856*z**2 - 1556*z - 225. Give j(-111).
-3
Let l(t) = -3*t**2 - 118*t + 270. Determine l(-22).
1414
Let l(o) = 399*o**2 - 15960*o + 16. Determine l(40).
16
Let k(n) = -n**3 + 69*n**2 - 751*n - 3228. Calculate k(54).
-42
Let h(p) = -4*p**3 - 201*p**2 + 147*p + 28. Calculate h(-51).
334
Let s(p) = 11869*p - 70221. What is s(6)?
993
Let q(b) = b**2 - 50324*b - 604041. Determine q(-12).
-9
Let s(a) = a**3 - 111*a**2 + 93*a + 1314. What is s(110)?
-556
Let o(p) = -3*p**3 + 12*p**2 + 5228*p - 15702. What is o(3)?
9
Let k(v) = 364*v**2 + 13465*v - 87. Give k(-37).
24
Let d(a) = 233*a**2 + 69437*a + 895. What is d(-298)?
1
Let i(w) = 2*w**3 - 62*w**2 + 416*w + 1530. Calculate i(17).
510
Let x(q) = 137*q**2 + 17*q + 20. What is x(-1)?
140
Let v(z) = 2*z**2 - 155*z + 1201. What is v(70)?
151
Let v(n) = 5*n**3 + 22*n**2 + 290*n + 1470. Calculate v(-5).
-55
Let m(t) = -t**2 - 1933*t - 11606. What is m(-6)?
-44
Let y(m) = 2716*m - 62558. Determine y(23).
-90
Let f(t) = -120*t**2 + 4317*t + 82. What is f(36)?
-26
Let v(w) = w**3 + 7*w**2 - 207*w - 135. Calculate v(-18).
27
Let c(v) = 14220*v + 14260. Determine c(-1).
40
Let u(b) = -979*b - 90846. Determine u(-93).
201
Let p(o) = 17*o**2 - 1087*o + 16456. Determine p(38).
-302
Let d(a) = a**3 - 57*a**2 + 131*a + 1649. Give d(54).
-25
Let q(f) = -614*f - 30687. Give q(-50).
13
Let x(q) = -q**3 + 668*q**2 - 1468*q + 534270. Calculate x(667).
3
Let t(y) = -y**3 + 91*y**2 + 73*y + 1873. Give t(92).
125
Let h(t) = t**2 - 501*t + 28672. What is h(66)?
-38
Let f(q) = 1589*q + 222770. Calculate f(-140).
310
Let r(b) = -1037*b**3 + 62*b**2 + 69*b + 6. What is r(-1)?
1036
Let s(h) = 460*h + 4266. What is s(4)?
6106
Let c(a) = 476*a**2 + 15639*a - 2280. Calculate c(-33).
-3
Let u(h) = -h**2 + 64037*h - 512220. What is u(8)?
12
Let j(r) = 71224*r - 854679. Calculate j(12).
9
Let x(g) = g**2 + 1500*g + 20806. What is x(-14)?
2
Let p(d) = -24*d**2 - 101*d - 482. Determine p(-7).
-951
Let y(p) = -p**2 - 84*p + 5049. What is y(41)?
-76
Let t(f) = -13543*f - 40641. What is t(-3)?
-12
Let d(g) = 432*g + 3888. Calculate d(-9).
0
Let w(y) = -8*y - 380. Give w(-18).
-236
Let g(r) = -8*r**2 - 19454*r - 19451. Give g(-1).
-5
Let f(r) = -28*r**2 - 539*r + 23. Calculate f(-20).
-397
Let n(k) = -6*k**3 + 1520*k**2 + 1045*k - 7371. What is n(254)?
-5
Let t(z) = -11*z**2 - 92*z + 586. Calculate t(7).
-597
Let f(d) = -d**3 + 4*d**2 + 28*d - 129. Give f(5).
-14
Let g(i) = 37795*i - 12396757. Determine g(328).
3
Let r(h) = -h**3 - 3*h**2 + 409*h + 22. Give r(-23).
1195
Let b(p) = 78*p + 202. What is b(2)?
358
Let h(l) = -205*l**2 + 95557*l - 12578. Calculate h(466).
4
Let s(b) = -b**3 - 1329*b**2 + 7111*b - 2208. Calculate s(5).
-3
Let f(s) = 364*s + 6680. Calculate f(-15).
1220
Let j(o) = -o**3 + 6*o**2 - 5624*o + 33707. Calculate j(6).
-37
Let i(t) = 2767*t - 105067. Calculate i(38).
79
Let q(w) = 100*w**2 + 3540*w + 1396. What is q(-35)?
-4
Let d(a) = 56*a**2 + 180*a - 1275. What is d(7)?
2729
Let i(o) = -8533*o - 17099. Calculate i(-2).
-33
Let s(o) = 3*o**3 - 42*o**2 - 20*o + 244. Determine s(16).
1460
Let k(x) = -11*x**2 + 330*x - 261. Determine k(28).
355
Let y(d) = 21236*d + 191157. Determine y(-9).
33
Let j(p) = -12*p**2 + 438*p + 6519. Give j(-14).
-1965
Let l(n) = -20312*n + 44. Determine l(0).
44
Let m(r) = 5*r**2 + 145*r + 83. Calculate m(-13).
-957
Let t(d) = -32*d**2 + 8896*d - 4. Give t(278).
-4
Let k(v) = v**2 + 1139*v - 219591. Give k(168).
-15
Let g(b) = b**2 - 188*b - 5395. Calculate g(218).
1145
Let h(a) = -12502*a + 200037. What is h(16)?
5
Let t(n) = -8*n**2 + 51984*n - 207927. Determine t(4).
-119
Let q(s) = -6013*s - 276591. Give q(-46).
7
Let n(k) = 8*k**2 + 1233*k - 1286. Give n(-155).
-201
Let l(h) = -2*h**3 + 447*h**2 + 193*h + 7258. What is l(224)?
314
Let a(g) = 9*g**2 + 3076*g + 68029. Calculate a(-318).
-23
Let g(i) = 29*i**2 - 26609*i - 11921. Calculate g(918).
13
Let o(q) = -q**2 - 141*q + 26. Give o(-142).
-116
Let b(y) = 4*y**3 - 70*y**2 + 437*y + 109. What is b(9)?
1288
Let l(z) = z**2 - 6738*z + 5990915. Determine l(1054).
-21
Let x(d) = -23*d**2 - 1591*d - 15949. Give x(-12).
-169
Let b(i) = i**3 + 149*i**2 + 639*i + 8552. What is b(-145)?
-3
Let q(j) = 8*j**3 - 4127*j**2 - 515*j - 545. Calculate q(516).
-29
Let x(h) = h**3 + 30*h**2 + 13*h - 1381. Determine x(6).
-7
Let u(o) = o**2 - 8*o - 2260. Determine u(-57).
1445
Let w(d) = 1482*d - 576514. Determine w(389).
-16
Let x(c) = -1417*c - 44557. Determine x(-35).
5038
Let y(s) = s**3 - 162*s**2 - 869*s - 177. What is y(-5)?
-7
Let q(r) = -374844*r + 749615. Give q(2).
-73
Let k(c) = -40*c**2 - 8443*c + 292. What is k(-211)?
925
Let r(i) = -864341*i + 6050392. Give r(7).
5
Let x(u) = -5*u**2 + 587*u + 9166. Calculate x(-14).
-32
Let t(o) = 19*o + 1552. Give t(33).
2179
Let c(f) = 539*f**2 - 157390*f + 640. Calculate c(292).
56
Let q(l) = -1223*l - 30334. Give q(-26).
1464
Let h(j) = -56*j**2 - 2*j - 15. Determine h(4).
-919
Let i(p) = -5*p**2 + 1932*p + 40605. Calculate i(-20).
-35
Let b(j) = 211*j**3 + 4*j + 15. Calculate b(0).
15
Let p(j) = -4*j**2 - 161*j - 941. Determine p(-15).
574
Let t(o) = 20*o**2 - 811*o + 3887. Calculate t(35).
2
Let u(w) = 39225*w + 314048. Calculate u(-8).
248
Let v(x) = x**3 - 56*x**2 + 295*x - 2032. Give v(51).
8
Let m(y) = -2371*y - 135141. Calculate m(-57).
6
Let u(p) = 19*p**3 + 240*p**2 - 242*p - 1945. Calculate u(-13).
18
Let g(h) = 3285*h**2 + 13283*h + 11. Calculate g(-4).
-561
Let t(f) = 3*f**3 + 122*f**2 - 8*f + 554. Give t(-41).
-799
Let p(w) = -1660*w + 21499. Give p(13).
-81
Let w(x) = 3707*x + 3719. Give w(-1).
12
Let x(v) = 43646*v + 174600. Give x(-4).
16
Let t(u) = -1349*u + 9337. Calculate t(7).
-106
Let b(q) = q**2 - 14*q - 15172. Give b(-116).
-92
Let m(z) = 2*z**3 - 45*z**2 + 167*z - 305. Give m(18).
-215
Let g(i) = -8083*i + 477011. Determine g(59).
114
Let l(b) = -30876*b + 92586. Give l(3).
-42
Let y(q) = -2515*q**3 - 12*q**2 + 17*q - 17. What is y(1)?
-2527
Let k(y) = -3*y**2 + 157*y + 1542. Give k(66).
-1164
Let a(u) = -2790*u - 27895. What is a(-10)?
5
Let f(c) = 3*c**3 - 13*c**2 - 188*c + 988. What is f(5)?
98
Let m(u) = -u**3 - 33*u**2 + 50*u + 274. Determine m(-7).
-1350
Let p(l) = -3*l**3 + 69*l**2 - 235*l - 1266. Calculate p(17).
-59
Let x(b) = b**3 + 31*b**2 + 219*b + 3614. What is x(-28)?
-166
Let n(c) = 1611*c - 12517. What is n(8)?
371
Let j(c) = -72*c**3 + 42266*c**2 - 1168*c - 3529. Determine j(587).
-7
Let p(i) = -i**2 + 3722*i + 871385. What is p(-221)?
-18
Let s(y) = y**3 + 13*y**2 - 355*y - 4076. Give s(-11).
71
Let d(h) = -103754*h - 1348742. Give d(-13).
60
Let v(u) = -u**2 - 77*u - 1510. Calculate v(-17).
-490
Let t(o) = o**3 - 18*o**2 - 14*o + 469. What is t(16)?
-267
Let t(d) = -162475*d + 1137323. Calculate t(7).
-2
Let a(w) = 2*w**2 + 78*w - 157. Determine a(-39).
-157
Let w(n) = -2*n**3 + 8*n**2 - 129*n + 339. What is w(3)?
-30
Let a(h) = -h**2 - 12509*h + 703666. Give a(56).
26
Let h(x) = 1542*x + 43170. What is h(-28)?
-6
Let u(g) = 3575*g - 18530. Give u(5).
-655
Let f(w) = -w**3 + 405*w**2 - 3575*w - 75. Give f(9).
-174
Let i(r) = 7*r**2 - 21*r + 89. Determine i(8).
369
Let s(a) = -a**2 + 110*a + 88790. Calculate s(-248).
6
Let m(a) = -a**2 - 10